
Suppose h = -0 - 4. Let s be -3*(h - (-220)/(-15)). What is the greatest common divisor of s and 7?
7
Let l = 114 - 110. Suppose 3*o = -l*r + 7*r + 447, -3*r = 2*o - 273. Calculate the greatest common divisor of o and 9.
9
Let t(r) = -r**3 - 6*r**2 - 2*r - 4. Let l be t(-6). What is the greatest common divisor of l and 200?
8
Let a = -151 - -175. What is the highest common divisor of 128 and a?
8
Let n(f) = -f**2 + 2*f. Let m(y) = -y - 1. Let a be m(-3). Let p be n(a). Suppose z - 125 = -2*o - 2*o, o = p. Calculate the highest common factor of 25 and z.
25
Suppose -l = -0*l - 2. Suppose l*c = -2*c. Suppose -3*t + 21 + 6 = c. What is the highest common divisor of 81 and t?
9
Let n = -471 - -533. Calculate the highest common divisor of 62 and n.
62
Suppose 44 = -3*o - o. Let c = -3 - o. What is the greatest common factor of c and 8?
8
Suppose 571*u - 22155 = 556*u. What is the highest common divisor of u and 7?
7
Let y be 27/(-1 + 13/10). Let t = -82 - -124. Let l = -24 + t. What is the highest common factor of y and l?
18
Let w = -18 + -24. Let s(o) = -53*o + 4. Let h be s(-3). Let t = w + h. Calculate the highest common divisor of t and 11.
11
Let w be (10 + -1)*((-6)/1 + -2). Let m = w - -83. Calculate the greatest common factor of 44 and m.
11
Suppose -26 = -5*c - 1. Suppose 0 = -d - 4*t + c, 4*d + 9*t - 4*t - 64 = 0. Let g be ((-14)/(-4))/((-4)/(-8)). What is the highest common divisor of g and d?
7
Let g be 24/(-10)*(1 + -211). Let x be (-7)/((49/(-21))/1). Suppose 3*z - 3*m - 187 = 191, 0 = 4*z - x*m - g. Calculate the greatest common factor of 14 and z.
14
Let h(s) = 92*s. Suppose 22 = -2*a + 24. Let g be h(a). What is the highest common divisor of g and 138?
46
Let i = -80 + 260. Let p be 1 + (1 + -1 - -19). Suppose -4*g = -5*g + p. Calculate the highest common divisor of g and i.
20
Let y be 146/4 - 3/6. Suppose y = 2*b - 3*n, 6*n = -5*b + 3*n + 132. Calculate the greatest common divisor of b and 18.
6
Suppose -9*t + 4*t = -20. Let g be 2 - (-14)/(-3)*-9. What is the greatest common divisor of t and g?
4
Let l be 0 + (-2970)/(-39) - (-6)/(-39). Let f be (l/40*5)/(2/4). What is the highest common factor of 209 and f?
19
Let j = -14 - -22. Suppose 5*y - j*y = 0. Suppose y = -i + 5*z + 90, i + 2*z - 45 = -2*z. What is the highest common factor of 13 and i?
13
Suppose -2*o + 15 = w - 24, o = 5*w - 140. Let j = w + -24. What is the highest common factor of 15 and j?
5
Let g be 4*(-1)/((-8)/30). Let h be 18/5 - 6/10. Suppose -5*f + h*f + 20 = 0. What is the greatest common factor of f and g?
5
Let t(x) = -131*x - 477. Let f be t(-4). What is the greatest common factor of 752 and f?
47
Let i = 57 - 38. Let m = -10 + i. Calculate the highest common factor of m and 36.
9
Suppose b = n + 10, 3*n - 87 = -4*b - 19. Let a = 19 + -12. Calculate the greatest common divisor of b and a.
7
Let m = 419 + -269. Calculate the highest common factor of m and 120.
30
Let h(i) = -5*i**3 + 3*i**2 + 2*i. Suppose -22 = -s + 1. Let l = s + -25. Let b be h(l). What is the highest common divisor of 32 and b?
16
Let g be (18/(-4))/((-1)/2). Let u = -30 - -33. Let q be (u + 2 + -2)*9. What is the highest common divisor of g and q?
9
Let w = 0 - -7. Suppose -12*d + 147 = -5*d. What is the highest common divisor of w and d?
7
Let l = -19 + 21. Suppose -5*j - l*h - 3*h + 15 = 0, 3*j - 4*h = 23. Let a(c) = 3*c - 3. Let u be a(j). What is the highest common factor of u and 48?
12
Let d(b) = b**3 - 11*b**2 - 4. Let y be d(11). Let z be (-2)/(-8) - 351/y. Calculate the greatest common factor of 11 and z.
11
Let m(p) = 32*p - 396. Let x be m(14). What is the greatest common divisor of 234 and x?
26
Let i(k) = 125*k**2 - 2*k + 1 - 4*k + 6*k. Let a = 0 - 1. Let g be i(a). Calculate the greatest common divisor of 14 and g.
14
Let g(o) = 36*o**2 + 31*o - 66. Let v be g(2). What is the greatest common divisor of v and 100?
20
Let r(o) = 43*o**3 + 5*o**2 + 2*o - 15. Let w be r(3). What is the greatest common divisor of w and 63?
63
Let x(v) = 30*v**3 + v**2 - v + 1. Let k be x(1). Let t = k + -21. What is the greatest common divisor of 40 and t?
10
Suppose -27 = -f + 39*r - 37*r, 4*f + r = 72. What is the highest common divisor of f and 19?
19
Let m(v) = -v**2 - 44*v - 472. Let z be m(-25). Let s be (-2 + 2 - 1)*-6. What is the greatest common factor of z and s?
3
Suppose 3*v + 162 = h, -h + 4*v + 101 = -64. Let n = -868 + 885. What is the greatest common factor of n and h?
17
Let w be (1 - -3)/((-5)/(-10)). Let u be 4*(146/w + 1). What is the greatest common divisor of 11 and u?
11
Suppose -v + 25 + 0 = 0. Let s = v - 15. What is the greatest common divisor of 80 and s?
10
Let j = 247 + -166. Suppose 3*l = 5*i + j, 108 = 4*l - 3*i + i. What is the highest common divisor of l and 54?
27
Suppose 3 - 1 = 2*f - l, -4*f - l = -10. Suppose 4*g = -4*m + 20, -m + f*g + 10 = m. Suppose 2*u = m*u - 18. Calculate the highest common factor of 18 and u.
6
Let n be 1*140/5*25. Calculate the highest common factor of n and 500.
100
Let i = 426 + -369. Let b be (2 - 1)/((-1)/41). Let c = b + i. What is the greatest common divisor of 48 and c?
16
Let t be (-12)/(-78) + 258/13. Suppose -4*m = 2*z - t, z + 4*m - 14 + 0 = 0. Calculate the greatest common factor of z and 30.
6
Let w(i) be the third derivative of i**6/24 - i**5/60 - i**4/24 + i**3/3 + 3*i**2. Let d be w(2). What is the greatest common divisor of 4 and d?
4
Suppose -1 = -2*h - 5*n + 22, 7 = h + n. Suppose -2 = v - 3*v - 4*i, h = 4*i. Let w = v - -6. Calculate the greatest common divisor of w and 1.
1
Let r(c) be the third derivative of 3*c**6/20 + c**5/20 - c**4/24 - c**3/3 - 19*c**2. Let t be r(2). What is the greatest common factor of t and 19?
19
Suppose -28*b = 546 - 4074. Calculate the highest common divisor of 63 and b.
63
Let r(u) = -6. Let i(c) = 6*c + 204. Let a(p) = -6*i(p) - 204*r(p). Let g be a(-7). Calculate the highest common divisor of 28 and g.
28
Let m(i) = 8 + 2*i**2 - 14 + 5 + i**3. Let x be m(-1). Suppose x = -9*u + 4*u + 100. What is the highest common divisor of u and 5?
5
Suppose 2079 = -3*l + 24*l. What is the highest common divisor of 22 and l?
11
Suppose -4*f - 4*h + 24 = -2*h, 2*f - 4*h = 32. Let z = -46 + 46. Suppose g + 7 = 3*k, 4*k - g + z*g = 11. Calculate the highest common divisor of k and f.
4
Let b be -1 - (-9)/6 - 552/(-16). What is the highest common factor of 7 and b?
7
Suppose -12 = -w - 2*w. Suppose -4*o = w*n + n, o = -5*n. Let d be -4*14/(-4) + o. Calculate the greatest common divisor of d and 7.
7
Suppose -5*w + 84 = -4*n, w - 41*n - 36 = -45*n. What is the highest common divisor of 25 and w?
5
Let b(q) = q**2 + 10*q - 21. Let c be b(-12). Suppose 101 = 5*t - y, 0*t - 3*t = -c*y - 51. Calculate the greatest common divisor of 105 and t.
21
Let u be 873/4 + (-8)/32. Suppose 848 = 5*z + u. What is the greatest common factor of 84 and z?
42
Let v(q) = 4*q - 22. Let h be v(6). Suppose -4*r - 2*c = c - 59, -h*c = -4*r + 54. Calculate the highest common factor of 56 and r.
14
Let z = -392 + 590. What is the highest common divisor of z and 9?
9
Let y be 7/(3/3 + 0). Let t(a) = 2*a**2 - 3*a + 1. Let v be t(y). Suppose 0 = -73*w + 75*w - 26. What is the highest common divisor of v and w?
13
Suppose -4*t + 1823 = 5*a, -12*t - 1079 = -3*a - 7*t. Calculate the greatest common factor of a and 66.
33
Let j = 34 + -28. Let z(b) = 3*b - 10. Let w be z(j). Let g(k) = k + 7. Let x be g(-6). Calculate the highest common divisor of w and x.
1
Let b(z) = 35*z + 60. Let y be b(28). Calculate the greatest common factor of y and 8.
8
Let a = 37 + -34. Let u = a - -63. What is the greatest common divisor of 6 and u?
6
Let y be ((-105)/(-25) - 3)*(-20)/(-6). Calculate the highest common divisor of y and 1024.
4
Suppose 3*l + 70 = 4*c + l, 93 = 5*c + 3*l. What is the highest common divisor of 342 and c?
18
Let d = -212 - -227. What is the greatest common divisor of 150 and d?
15
Let b be (38/(-4))/(-2 - (-55)/28). Calculate the highest common factor of b and 7.
7
Suppose 121*d - j = 116*d + 69, 4*d - 36 = -4*j. Calculate the greatest common divisor of 52 and d.
13
Let j = 24 + -15. Let z be (14/6 - 3)/(2/12). Let b be (z + 1 + 0)/(-2 - -1). Calculate the greatest common divisor of j and b.
3
Let k(z) = 7*z**3 - 13*z 